{"id":66,"date":"2020-05-08T22:31:47","date_gmt":"2020-05-08T22:31:47","guid":{"rendered":"https:\/\/kmkinga.ro\/?page_id=66"},"modified":"2023-03-09T21:38:37","modified_gmt":"2023-03-09T21:38:37","slug":"mediacio-es-pereskedes","status":"publish","type":"page","link":"https:\/\/kmkinga.ro\/index.php\/mediacio-es-pereskedes\/","title":{"rendered":"Medi\u00e1cio \u00e9s peresked\u00e9s"},"content":{"rendered":"\n<p><strong>A medi\u00e1l\u00e1s el\u0151nyei a peresked\u00e9shez k\u00e9pest<\/strong><\/p>\n\n\n\n<figure class=\"wp-block-table is-style-regular\"><table class=\"has-subtle-pale-pink-background-color has-fixed-layout has-background\"><tbody><tr><th scope=\"col\">Peresked\u00e9s<\/th><th class=\"has-text-align-center\" data-align=\"center\" scope=\"col\">&nbsp;<\/th><th scope=\"col\">Medi\u00e1l\u00e1s<\/th><\/tr><tr><td>A nyilv\u00e1noss\u00e1g el\u0151tt zajlik a per.<\/td><td class=\"has-text-align-center\" data-align=\"center\">Bizalmass\u00e1gi szempont<\/td><td>Mindaz, ami a medi\u00e1l\u00e1s sor\u00e1n elhangzik, z\u00e1rt k\u00f6rben marad. A medi\u00e1tor &#8211; ak\u00e1r az orvos vagy az \u00fcgyv\u00e9d &#8211; a felek \u00f6sszes \u00fczleti titk\u00e1t k\u00f6teles meg\u0151rizni. A medi\u00e1tort perbe tan\u00fak\u00e9nt megid\u00e9ztetni nem lehet. Ha valamelyik f\u00e9l m\u00e9gis megtenn\u00e9, a medi\u00e1tor megtagadja a vallom\u00e1st\u00e9telt azokr\u00f3l a t\u00e9nyekr\u0151l, amelyekr\u0151l a medi\u00e1l\u00e1s sor\u00e1n szerzett tudom\u00e1st.<\/td><\/tr><tr><td>A b\u00edr\u00f3s\u00e1gi elj\u00e1r\u00e1s a nyilv\u00e1noss\u00e1g el\u0151tt zajlik. A szomsz\u00e9dok, ismer\u0151s\u00f6k is tudom\u00e1st szerezhetnek r\u00f3la.<br>A hosszan tart\u00f3 per, ha a m\u00e9dia tud\u00f3s\u00edt r\u00f3la, rossz sz\u00ednben t\u00fcnteti fel a v\u00e1llalatot a k\u00f6zv\u00e9lem\u00e9ny el\u0151tt. A perr\u0151l sz\u00f3l\u00f3 h\u00edreknek csak a versenyt\u00e1rsak \u00f6r\u00fclnek, akik egyben igyekeznek kihaszn\u00e1lni a perleked\u0151 f\u00e9l helyzet\u00e9t, \u00e9s piaci poz\u00edci\u00f3kat elh\u00f3d\u00edtani t\u0151le.<\/td><td class=\"has-text-align-center\" data-align=\"center\">Teljes diszkr\u00e9ci\u00f3<\/td><td>A medi\u00e1l\u00e1s a nyilv\u00e1noss\u00e1g teljes kiz\u00e1r\u00e1s\u00e1val t\u00f6rt\u00e9nik, \u00edgy a k\u00f6zv\u00e9lem\u00e9ny \u00e9s a versenyt\u00e1rsak nem \u00e9rtes\u00fclnek sem a jogvit\u00e1r\u00f3l, sem annak kimenetel\u00e9r\u0151l.<\/td><\/tr><tr><td>A b\u00edr\u00f3s\u00e1g \u00e1llap\u00edtja meg a hat\u00e1rid\u0151ket, csak nagyon ritk\u00e1n v\u00e9ve figyelembe a felek vagy \u00fcgyv\u00e9deik elfoglalts\u00e1gait. A kit\u0171z\u00f6tt hat\u00e1rnapon v\u00e1rakozni kell a foly\u00f3son, m\u00edg az adott \u00fcgy sorra ker\u00fcl, ak\u00e1r az eg\u00e9sz nap is r\u00e1mehet erre.<\/td><td class=\"has-text-align-center\" data-align=\"center\">Komfort faktor<\/td><td>A tal\u00e1lkoz\u00e1sok ideje k\u00f6z\u00f6s megegyez\u00e9ssel ker\u00fcl meg\u00e1llap\u00edt\u00e1sra, norm\u00e1l k\u00f6r\u00fclm\u00e9nyek k\u00f6z\u00f6tt v\u00e1rakozni nem kell, kellemes k\u00f6rnyezetben lehet besz\u00e9lgetni.<\/td><\/tr><tr><td>A b\u00edr\u00f3s\u00e1gi elj\u00e1r\u00e1s hossz\u00fa \u00e9vekig is elh\u00faz\u00f3dhat.<br><\/td><td class=\"has-text-align-center\" data-align=\"center\">Id\u0151t\u00e9nyez\u0151<\/td><td>A medi\u00e1l\u00e1s k\u00f6r\u00fcltekint\u0151 \u00e9s szakszer\u0171 d\u00f6nt\u00e9s-el\u0151k\u00e9sz\u00edt\u00e9s ut\u00e1n biztos\u00edtja a jogvita gyors egy-k\u00e9t h\u00f3napon bel\u00fcli &#8211; lez\u00e1r\u00e1s\u00e1nak lehet\u0151s\u00e9g\u00e9t.<\/td><\/tr><tr><td>Sok t\u00e9nyez\u0151 befoly\u00e1solja, \u00e9s f\u00fcgg a per hossz\u00e1t\u00f3l.<\/td><td class=\"has-text-align-center\" data-align=\"center\">K\u00f6lts\u00e9gt\u00e9nyez\u0151<\/td><td>Sokkal kisebb lehet.<\/td><\/tr><tr><td>A b\u00edr\u00f3s\u00e1g el\u00e9 ker\u00fcl\u0151 jogvit\u00e1t a keresetlev\u00e9l k\u00e9zbes\u00edt\u00e9s\u00e9t k\u00f6vet\u0151en m\u00e1r nem a peres felek, hanem a b\u00edr\u00f3s\u00e1g ir\u00e1ny\u00edtja.<\/td><td class=\"has-text-align-center\" data-align=\"center\">A felek kontrollja<\/td><td>Az elj\u00e1r\u00e1s v\u00e9gig a jogvit\u00e1ban \u00e9rintett felek ellen\u0151rz\u00e9se alatt marad, semmi olyasmi nem t\u00f6rt\u00e9nik, amivel az \u00f6sszes \u00e9rintett f\u00e9l ne \u00e9rtene egyet.<\/td><\/tr><tr><td>A sok \u00e9vig tart\u00f3 peresked\u00e9s v\u00e9g\u00e9n a legjobb esetben is csak az egyik f\u00e9l hagyja el el\u00e9gedetten a b\u00edr\u00f3s\u00e1g \u00e9p\u00fclet\u00e9t, gyakoribb azonban, hogy az esetek t\u00falnyom\u00f3 r\u00e9sz\u00e9ben mindk\u00e9t f\u00e9l el\u00e9gedetlen a b\u00edr\u00f3s\u00e1g \u00edt\u00e9let\u00e9vel.(Nyer-Vesz\u00edt vagy Vesz\u00edt-Vesz\u00edt esetek)<br>Abraham Lincoln id\u00e9zet: \u201eKer\u00fcld a peresked\u00e9st. T\u00f6rekedj a kompromisszumra a szomsz\u00e9dokkal, amikor csak lehets\u00e9ges. Mutass r\u00e1, hogy ha pap\u00edron nyer is, t\u00e9nylegesen vesztes, k\u00f6lts\u00e9gekben, id\u0151ben \u00e9s kiad\u00e1sokban. Az \u00fcgyv\u00e9dnek, mint b\u00e9k\u00e9ltet\u0151 f\u00e9lnek nagyobb lehet\u0151s\u00e9gei vannak a j\u00f3 \u00fcgy megteremt\u00e9s\u00e9hez.\u201d<\/td><td class=\"has-text-align-center\" data-align=\"center\">El\u00e9gedetts\u00e9g<\/td><td>Egyezs\u00e9g nem j\u00f6het l\u00e9tre a r\u00e9sztvev\u0151k egyet\u00e9rt\u00e9se n\u00e9lk\u00fcl. Ez garant\u00e1lja, hogy a medi\u00e1l\u00e1s eredm\u00e9nyek\u00e9nt l\u00e9trej\u00f6v\u0151 egyezs\u00e9g a jogvita minden r\u00e9sztvev\u0151j\u00e9nek sikert \u00e9s el\u00e9gedetts\u00e9get ny\u00fajt. (Nyer-nyer esetek)<\/td><\/tr><tr><td>A per t\u00f6bb \u00e9ves id\u0151tartama miatt nagy a bizonytalans\u00e1gi faktor.<\/td><td class=\"has-text-align-center\" data-align=\"center\">Bizonytalans\u00e1gi t\u00e9nyez\u0151<\/td><td>A medi\u00e1l\u00e1s gyorsas\u00e1ga k\u00f6vetkezt\u00e9ben r\u00f6vid id\u0151 alatt p\u00e9nz\u00fcgyileg tiszta helyzet keletkezik mindk\u00e9t f\u00e9l sz\u00e1m\u00e1ra.<\/td><\/tr><tr><td>A m\u00e1sik f\u00e9l k\u00e9r\u00e9s\u00e9re a b\u00edr\u00f3s\u00e1g z\u00e1rolhat egyes p\u00e9nzeszk\u00f6z\u00f6ket vagy javakat.<\/td><td class=\"has-text-align-center\" data-align=\"center\">P\u00e9nzeszk\u00f6z\u00f6k lek\u00f6t\u00e9se<\/td><td>Minthogy a medi\u00e1l\u00e1s legfeljebb n\u00e9h\u00e1ny h\u00f3napot vesz ig\u00e9nybe, az elj\u00e1r\u00e1s nem k\u00f6ti le egyik f\u00e9l p\u00e9nzeszk\u00f6zeit sem.<\/td><\/tr><tr><td>A sok \u00e9vig tart\u00f3 peresked\u00e9s, \u00e9s a vele egy\u00fctt j\u00e1r\u00f3 harc nyom\u00e1n a peres felek k\u00f6zt az esetek t\u00falnyom\u00f3 t\u00f6bbs\u00e9g\u00e9ben visszaford\u00edthatatlanul megromlik a viszony, az \u00fczleti kapcsolatok a per ut\u00e1n \u00e1ltal\u00e1ban nem folytathat\u00f3k.<\/td><td class=\"has-text-align-center\" data-align=\"center\">Per vagy \u00fczlet<\/td><td>A medi\u00e1l\u00e1s gyors, a k\u00e9t f\u00e9l egym\u00e1ssal k\u00f6lcs\u00f6n\u00f6s emp\u00e1ti\u00e1j\u00e1ra is alapozott egyezs\u00e9get eredm\u00e9nyez, \u00e9s ez megteremti az alapjait annak, hogy a k\u00e9t c\u00e9g k\u00f6zt fennmaradjon a j\u00f3 viszony.<\/td><\/tr><\/tbody><\/table><\/figure>\n","protected":false},"excerpt":{"rendered":"<p>A medi\u00e1l\u00e1s el\u0151nyei a peresked\u00e9shez k\u00e9pest Peresked\u00e9s &nbsp; Medi\u00e1l\u00e1s A nyilv\u00e1noss\u00e1g el\u0151tt zajlik a per. Bizalmass\u00e1gi szempont Mindaz, ami a medi\u00e1l\u00e1s sor\u00e1n elhangzik, z\u00e1rt k\u00f6rben marad. A medi\u00e1tor &#8211; ak\u00e1r az orvos vagy az \u00fcgyv\u00e9d &#8211; a felek \u00f6sszes \u00fczleti titk\u00e1t k\u00f6teles meg\u0151rizni. A medi\u00e1tort perbe tan\u00fak\u00e9nt megid\u00e9ztetni nem lehet. Ha valamelyik f\u00e9l m\u00e9gis megtenn\u00e9, [&hellip;]<\/p>\n","protected":false},"author":2,"featured_media":0,"parent":0,"menu_order":0,"comment_status":"closed","ping_status":"closed","template":"","meta":[],"_links":{"self":[{"href":"https:\/\/kmkinga.ro\/index.php\/wp-json\/wp\/v2\/pages\/66"}],"collection":[{"href":"https:\/\/kmkinga.ro\/index.php\/wp-json\/wp\/v2\/pages"}],"about":[{"href":"https:\/\/kmkinga.ro\/index.php\/wp-json\/wp\/v2\/types\/page"}],"author":[{"embeddable":true,"href":"https:\/\/kmkinga.ro\/index.php\/wp-json\/wp\/v2\/users\/2"}],"replies":[{"embeddable":true,"href":"https:\/\/kmkinga.ro\/index.php\/wp-json\/wp\/v2\/comments?post=66"}],"version-history":[{"count":10,"href":"https:\/\/kmkinga.ro\/index.php\/wp-json\/wp\/v2\/pages\/66\/revisions"}],"predecessor-version":[{"id":685,"href":"https:\/\/kmkinga.ro\/index.php\/wp-json\/wp\/v2\/pages\/66\/revisions\/685"}],"wp:attachment":[{"href":"https:\/\/kmkinga.ro\/index.php\/wp-json\/wp\/v2\/media?parent=66"}],"curies":[{"name":"wp","href":"https:\/\/api.w.org\/{rel}","templated":true}]}}