{"id":47,"date":"2020-05-08T22:10:25","date_gmt":"2020-05-08T22:10:25","guid":{"rendered":"https:\/\/kmkinga.ro\/?page_id=47"},"modified":"2020-05-12T18:30:45","modified_gmt":"2020-05-12T18:30:45","slug":"bemutatkozo","status":"publish","type":"page","link":"https:\/\/kmkinga.ro\/index.php\/bemutatkozo\/","title":{"rendered":"bemutatkoz\u00f3"},"content":{"rendered":"\n<h2>Kopacz &#8211; Madar\u00e1sz Kinga<\/h2>\n\n\n\n<h6>\u00dcgyv\u00e9d-Medi\u00e1tor-Ford\u00edt\u00f3<\/h6>\n\n\n\n<div class=\"is-layout-flex wp-container-3 wp-block-columns\">\n<div class=\"is-layout-flow wp-block-column\">\n<figure><\/figure>\n<\/div>\n\n\n\n<div class=\"is-layout-flow wp-block-column\">\n<figure><\/figure>\n<\/div>\n<\/div>\n\n\n\n<div class=\"is-layout-flex wp-container-6 wp-block-columns\">\n<div class=\"is-layout-flow wp-block-column\">\n<figure class=\"wp-block-image size-large\"><a href=\"https:\/\/kmkinga.ro\/index.php\/az-irodarol\/\"><img fetchpriority=\"high\" decoding=\"async\" width=\"1024\" height=\"230\" src=\"https:\/\/kmkinga.ro\/wp-content\/uploads\/2020\/05\/az-irodarol-1024x230.png\" alt=\"\" class=\"wp-image-412\" srcset=\"https:\/\/kmkinga.ro\/wp-content\/uploads\/2020\/05\/az-irodarol-1024x230.png 1024w, https:\/\/kmkinga.ro\/wp-content\/uploads\/2020\/05\/az-irodarol-300x67.png 300w, https:\/\/kmkinga.ro\/wp-content\/uploads\/2020\/05\/az-irodarol-768x172.png 768w, https:\/\/kmkinga.ro\/wp-content\/uploads\/2020\/05\/az-irodarol-1536x345.png 1536w, https:\/\/kmkinga.ro\/wp-content\/uploads\/2020\/05\/az-irodarol-2048x460.png 2048w\" sizes=\"(max-width: 1024px) 100vw, 1024px\" \/><\/a><\/figure>\n<\/div>\n\n\n\n<div class=\"is-layout-flow wp-block-column\">\n<figure class=\"wp-block-image size-large\"><a href=\"https:\/\/kmkinga.ro\/index.php\/rolam\/\"><img decoding=\"async\" width=\"1024\" height=\"230\" src=\"https:\/\/kmkinga.ro\/wp-content\/uploads\/2020\/05\/rolam-tahoma-kicsi-1024x230.png\" alt=\"\" class=\"wp-image-372\" srcset=\"https:\/\/kmkinga.ro\/wp-content\/uploads\/2020\/05\/rolam-tahoma-kicsi-1024x230.png 1024w, https:\/\/kmkinga.ro\/wp-content\/uploads\/2020\/05\/rolam-tahoma-kicsi-300x67.png 300w, https:\/\/kmkinga.ro\/wp-content\/uploads\/2020\/05\/rolam-tahoma-kicsi-768x172.png 768w, https:\/\/kmkinga.ro\/wp-content\/uploads\/2020\/05\/rolam-tahoma-kicsi-1536x345.png 1536w, https:\/\/kmkinga.ro\/wp-content\/uploads\/2020\/05\/rolam-tahoma-kicsi-2048x460.png 2048w\" sizes=\"(max-width: 1024px) 100vw, 1024px\" \/><\/a><\/figure>\n<\/div>\n<\/div>\n","protected":false},"excerpt":{"rendered":"<p>Kopacz &#8211; Madar\u00e1sz Kinga \u00dcgyv\u00e9d-Medi\u00e1tor-Ford\u00edt\u00f3<\/p>\n","protected":false},"author":2,"featured_media":0,"parent":0,"menu_order":0,"comment_status":"closed","ping_status":"closed","template":"","meta":[],"_links":{"self":[{"href":"https:\/\/kmkinga.ro\/index.php\/wp-json\/wp\/v2\/pages\/47"}],"collection":[{"href":"https:\/\/kmkinga.ro\/index.php\/wp-json\/wp\/v2\/pages"}],"about":[{"href":"https:\/\/kmkinga.ro\/index.php\/wp-json\/wp\/v2\/types\/page"}],"author":[{"embeddable":true,"href":"https:\/\/kmkinga.ro\/index.php\/wp-json\/wp\/v2\/users\/2"}],"replies":[{"embeddable":true,"href":"https:\/\/kmkinga.ro\/index.php\/wp-json\/wp\/v2\/comments?post=47"}],"version-history":[{"count":36,"href":"https:\/\/kmkinga.ro\/index.php\/wp-json\/wp\/v2\/pages\/47\/revisions"}],"predecessor-version":[{"id":416,"href":"https:\/\/kmkinga.ro\/index.php\/wp-json\/wp\/v2\/pages\/47\/revisions\/416"}],"wp:attachment":[{"href":"https:\/\/kmkinga.ro\/index.php\/wp-json\/wp\/v2\/media?parent=47"}],"curies":[{"name":"wp","href":"https:\/\/api.w.org\/{rel}","templated":true}]}}